e 0 = -2*w + 12 - 4. Let s be g(w). Let v(o) = -2*o - 25. Let b(z) = -z - 12. Let u(d) = -9*b(d) + 4*v(d). Calculate u(s).
4
Let s be (-1*(-2)/7)/((-12)/(-84)). Let v(t) = 6*t + 6*t**2 + t**3 - s*t**3 - 6 - t**2 - t**2. Give v(5).
-1
Let k(y) be the third derivative of -y**4/24 - 2*y**3/3 - 20*y**2. Calculate k(5).
-9
Let m(w) = w - w + 3*w + 5*w - 10*w. Calculate m(5).
-10
Let v(x) = x**3 - 5*x**2 - 5*x + 5. Let f(r) = -4*r**3 + 15*r**2 + 16*r - 17. Let h(l) = -2*f(l) - 7*v(l). Let c be (0 + 2)*(-2)/1. Give h(c).
3
Let t(q) = -2*q + 2. Suppose 2*f = -4 + 14. Let b(r) be the first derivative of -r**2/2 + 3*r + 10. Let a be b(f). Give t(a).
6
Suppose 0 = -s + 5, -11*m + 6*m = s + 10. Let h(o) = -5*o. Calculate h(m).
15
Let i(f) = -321 + 331 + 2*f + 2*f - 5*f + 0*f. Calculate i(0).
10
Let l(x) = -31*x**3 - x**2 - x. Suppose -h = 214 - 213. Determine l(h).
31
Let v(g) = 11*g**2 + g. Suppose 4 = 3*n - n. Suppose 4*f - n = 6*f. Determine v(f).
10
Suppose 6 = -2*a - 4. Let x be -2 + 6/a*65/26. Let g(o) = 2*o + 7. What is g(x)?
-3
Let r(b) = 2*b + 36. Let c = 641 - 656. Give r(c).
6
Let z(v) = -2*v**2 - 139*v + 212. Let f be z(-71). Let h(k) = 4*k + 5 - 4 + 0*k. Calculate h(f).
-3
Let z be (-2)/(-5) - 52/40*-2. Let g(f) = -2*f**2 - 16*f + z*f + 3*f + 4*f - 6. Give g(-4).
-14
Let d(x) be the first derivative of x**3/3 - 5*x**2/2 - 2*x - 915. What is d(6)?
4
Suppose -4*a = -2*j - 20, 3*j - 18 = -2*a - 8. Let b(k) = -k**2 - k - 53. Give b(j).
-53
Suppose -1 = m - 4. Let k(u) = -11 + 4*u**2 - 3*u**3 + 2*u**m - 3*u**2 + u. Suppose z + 2 = 3*a, -a + 92 = 4*z + 100. Determine k(a).
-11
Let u(t) = 5*t - 6. Let h = 92 + -86. Let f(n) = -n + 1. Let w(b) = h*f(b) + u(b). What is w(4)?
-4
Let o(u) = -u + 5. Let s(p) = 1. Suppose -20 = x - 5*x. Let d(m) = x*s(m) - o(m). What is d(-6)?
-6
Let u(j) be the second derivative of -j**5/20 - 7*j**4/12 - j**3 - 3*j**2 + j. Let l be (2/(-11) + 32/(-66))*-18. Suppose 73*k = 71*k - l. Calculate u(k).
-6
Let f(i) be the first derivative of -2/3*i**3 + 0*i - 1/8*i**5 + 0*i**4 + 0*i**2 - 2. Let j(x) be the third derivative of f(x). Give j(-1).
15
Let s(j) = 23*j - 11. Let i(y) = 12*y - 6. Let f(x) = 11*i(x) - 6*s(x). Determine f(2).
-12
Suppose 24 = 2248*x - 2236*x. Let i(l) = 4*l - 7. Determine i(x).
1
Let t(j) = 27 - 4*j**2 - 9 - 7*j - 12 + 3*j**2. Determine t(-8).
-2
Let u(n) = 0 + 7*n**2 + 0*n + 2*n**3 + 8 - 2*n - 3*n**3. Suppose 9 = 5*b - 26. Give u(b).
-6
Suppose 5*v - 4 = 21. Let y(j) be the second derivative of -j**3/3 + 7*j**2/2 + j. Determine y(v).
-3
Let c(x) be the third derivative of x**4/12 - x**3/6 + x**2 - 16938*x. Suppose i + 60 = 2*f, 0*i = -4*i. Suppose -s = -6*s + f. Calculate c(s).
11
Let u(p) be the third derivative of -p**6/60 + p**5/15 + 7*p**4/24 - p**3 + 13*p**2 + 5*p. Calculate u(4).
-42
Let s(b) = -b**2 + 8*b + 21. Let g be s(10). Let k be (5 - 7) + (2/g)/2. Let h(z) = -z - 1. Determine h(k).
0
Suppose -2*s = -13 - 1. Let q(h) = 3*h - 2 + 0*h + s + 1. Calculate q(-5).
-9
Let r(p) be the second derivative of p**5/20 + 5*p**4/6 + 4*p**3/3 - 4*p**2 + 233*p. Give r(-9).
1
Let d(q) = 15*q**3 + 5 + q + 17*q**3 - 33*q**3. Let l(f) = 2*f - 8. Let w(m) = m - 1. Let k(j) = -l(j) + 3*w(j). Let t be k(-5). What is d(t)?
5
Let k(h) = -3*h - 2. Let u be k(-2). Let c be u/(-4)*1*-9. Suppose -p - p - 19 = -5*i, c = 3*p. Let f(b) = -4*b + 4. Give f(i).
-16
Let i(y) = y**3 - y**2 - y - 23. Let d = 1312 + -1312. What is i(d)?
-23
Suppose 2*q - 3*x = 11, -q + 0*x = -3*x - 1. Suppose -a - q = -8. Let d(g) = g**3 + 2*g**2 + g - 1. Calculate d(a).
-3
Let v = -9 - 3. Let b(r) = -4*r**2 + 3*r - 4. Let u(n) = 10*n**2 - 8*n + 10. Let f(a) = v*b(a) - 5*u(a). Let h(y) = y**2 - y - 3. Let z be h(3). What is f(z)?
-8
Let o(d) = d**2 - 5*d. Let n(w) = -2*w + 9. Suppose 18 = 3*l + 4*v, 1 = -3*v + 10. Let a be n(l). Give o(a).
0
Let y = -1176 + 1188. Let u(a) = -a**3 + 12*a**2 - 4*a - 14. Calculate u(y).
-62
Let j(o) = 2 - 7*o**2 - 70*o**3 + 7*o + 38*o**3 + 33*o**3. Give j(5).
-13
Suppose 2*a - 1 + 20 = 5*f, -f - 3 = 3*a. Let m(b) be the third derivative of -7*b**2 + 0*b**f + 0*b + 1/30*b**5 + 0 - 1/30*b**6 - 1/24*b**4. Calculate m(1).
-3
Let o = 4 - -6. Suppose -12 = o*b - 7*b. Let l be (119/34)/(2/b). Let s(a) = -a - 6. What is s(l)?
1
Let y be 3 - (16 - 56/(3 + 4)). Let r(x) = x**3 + 6*x**2 + 5*x + 5. What is r(y)?
5
Suppose 0 = -13*d - 4*d - 51. Let y(k) be the second derivative of -k**5/20 - k**4/4 - k**3/6 + 2*k**2 - 4*k. Calculate y(d).
7
Let p(y) = y**3 - 9*y**2 - 4*y - 1. Suppose -3 = -14*d + 123. Give p(d).
-37
Let b be (-1)/(-3)*-3*21. Let a = -19 - b. Let q(t) = a - t - t - t. Determine q(5).
-13
Let m(s) = s - 3. Let f = -442 - -436. What is m(f)?
-9
Let j(b) = -4*b + 4. Let r be j(2). Let z be 6*(r*1)/(-4). Let v(l) = -4 - 3 + l**2 + l - 7*l. Calculate v(z).
-7
Let b be (-4)/((-100)/(-15))*-10. Let l(q) = 5*q**2 - 4 - 1 + 2 + 6*q - q**3. What is l(b)?
-3
Let p(b) = -b**3 + b**2 + b + 1. Let o(u) = -3*u**3 + 4*u**2 + 35*u + 4. Let q(d) = -o(d) + 4*p(d). Let j(a) be the second derivative of q(a). Give j(-1).
6
Let u(d) = -d + 11. Let x(b) = b**2 + b - 2. Let y = -1 + -3. Let a be x(y). Suppose r + r = a. Determine u(r).
6
Suppose 2*w - w + 83 = 5*z, -2*w = -3*z + 54. Let b = z + -16. Suppose -4*g = -b*y - 3*y + 40, 0 = 2*y. Let q(n) = n**3 + 11*n**2 + 11*n + 10. Determine q(g).
0
Let c(o) = o**3 - 8*o**2 - 11*o + 4. Suppose w + 4*r - 23 = -2*w, 0 = -5*w - 5*r + 40. What is c(w)?
-14
Let v(o) = -o**3 + 11*o**2 + 8*o - 5. Let i(q) = 2*q**3 - 20*q**2 - 16*q + 10. Let t(b) = -3*i(b) - 5*v(b). Give t(6).
7
Let m(u) = -u + 12. Let w(c) = c**2 - 12*c - 7. Let y be w(13). Let o(j) = j**2 - 6*j - 2. Let h be o(y). Let z = h + 7. What is m(z)?
7
Let z = 212 - 213. Let a(j) = 4*j + 5. Determine a(z).
1
Let b(u) = -2*u**3 - 4*u**2 - 2*u + 2. Suppose 15*q + 66 = -18*q. What is b(q)?
6
Let u(m) = -m**3 + 2*m + 1. Let c(p) = 4*p**2 + 0*p**3 + 10*p**2 - 2 - 13*p**2 + p**3 - 3*p. Let o(a) = 6*c(a) + 5*u(a). Give o(-7).
0
Let s(d) = d**3 - 6*d**2 + 4*d + 7. Let f(h) = -h**3 - 20*h**2 + 22*h + 29. Let y be f(-21). Suppose -11*w - y = -63. Calculate s(w).
2
Let x(m) = 2*m**3 + 10*m**2 - 18 + 4*m - 4*m**2 + 24 - 3*m**3. Calculate x(7).
-15
Let x(f) = 4*f - 23. Suppose 2*d - 7*q - 9 = -8*q, -4*q - 20 = 0. Calculate x(d).
5
Let s(q) = 3*q - 59. Let u(r) = r - 30. Let f(c) = -3*s(c) + 5*u(c). Let h be f(7). Let a(i) = 11*i**2 - 2*i - 1. Give a(h).
12
Let s(g) = g**2 - 3. Let z(k) = 6*k**3 + k**2 + 13*k - 14. Let n be z(1). Give s(n).
33
Suppose 3 = 3*j, -3*a + 4*j + 10 = 5*j. Suppose 0 = -0*m - 3*m + 6. Let z(r) = 3*r**2 + 2*r + 0*r**2 - 5*r**m. What is z(a)?
-12
Let j(q) be the second derivative of q**5/20 + q**4/2 + 2*q**3/3 - 5*q**2 + 11*q + 11. Determine j(-6).
-34
Let s(r) = 0 + 1 - 2*r - 6. Let x(b) = 2*b + 2. Let n be x(-7). Let j = 7 + n. Give s(j).
5
Let y(n) be the first derivative of -n**4/2 - 2*n**3/3 - n**2/2 - 1. Let u(k) = -44*k + 12. Let m be u(-2). Let r = m - 101. What is y(r)?
1
Let x(z) = z - 24. Let v be x(8). Let a = v + 13. Let s(b) be the second derivative of 5*b**3/6 - 4*b. Calculate s(a).
-15
Let l(g) be the third derivative of -g**6/120 - g**5/10 + 5*g**4/24 - 5*g**3/3 - 236*g**2. What is l(-7)?
4
Suppose -f + 5 = 4*f, -4*f = 3*v - 238. Let q = 74 - v. Let a(o) = o**3 + 5*o**2 + 3*o + 2. Give a(q).
6
Let j(w) = 2 + 3 + 2*w**2 - 5*w**2 - 4 - 2*w**2. Let x be 1*(-2 - -4)/(-1). Give j(x).
-19
Let i = 17 + -13. Let s(o) be the first derivative of o**5/60 - o**4/6 - 2*o**3/3 + 7*o**2/2 - 4. Let k(a) be the second derivative of s(a). What is k(i)?
-4
Suppose 31*i - 107*i = -304. Let z(l) be the third derivative of 0 - 1/120*l**6 + 1/60*l**5 + 3/2*l**3 - 13*l**2 + 0*l + 1/24*l**i. Calculate z(0).
9
Let s(u) = 7*u - 17. Suppose 5*y - 5*g + 6 = 1, 5 = 3*y - g. Calculate s(y).
4
Let y(z) = -69*z + 5. Let g(r) = 49*r - 4. Let b(s) = 4*g(s) + 3*y(s). Let x be (-3 + -1)*15/20. Let p = x + 2. What is b(p)?
10
Let s(n) be the second derivative of n**4/12 + 4*n**3/3 - 9*n**2/2 + 93*n + 1. Give s(-11).
24
Let g(l) be the third derivative of 0 + 0*l**3 - 17*l**2 + 0*l**4 + 0*l - 11/60*l**5. What is g(1)?
-11
Let x(c) be the second derivative of -13/2*c**2 + 0 - 5*c - 1/3*c**3. What is x(-9)?
5
Let j(g) = -g**2 + 5*g - 4. Let c be 